{"id":3153,"date":"2025-06-03T22:43:56","date_gmt":"2025-06-03T22:43:56","guid":{"rendered":"https:\/\/www.iztacala.unam.mx\/nuevo_ingreso\/?page_id=3153"},"modified":"2025-06-18T18:18:51","modified_gmt":"2025-06-18T18:18:51","slug":"personas-orientadoras-comunitarias","status":"publish","type":"page","link":"https:\/\/www.iztacala.unam.mx\/nuevo_ingreso\/?page_id=3153","title":{"rendered":"Personas Orientadoras Comunitarias"},"content":{"rendered":"\n<p class=\"has-text-align-left\">Las Personas Orientadoras Comunitarias (POC) son integrantes de la comunidad universitaria que fungen como primeros puntos de contacto ante situaciones de violencia, discriminaci\u00f3n o afectaci\u00f3n al bienestar emocional dentro del entorno acad\u00e9mico. Su labor consiste en brindar orientaci\u00f3n, acompa\u00f1amiento inicial y canalizaci\u00f3n a las instancias correspondientes, respetando en todo momento la confidencialidad y autonom\u00eda de quienes solicitan su apoyo. <\/p>\n\n\n\n<p>Act\u00faan con base en principios de respeto, equidad y escucha activa, y est\u00e1n capacitadas para reconocer diversas formas de violencia, identificar contextos de riesgo y ofrecer informaci\u00f3n sobre rutas institucionales de atenci\u00f3n. Adem\u00e1s, su presencia en las facultades contribuye a fortalecer una cultura de prevenci\u00f3n, sensibilizaci\u00f3n y convivencia libre de violencia.<\/p>\n\n\n\n<p class=\"has-text-align-left\">Este programa representa un esfuerzo por consolidar entornos seguros y solidarios dentro de la UNAM, mediante la participaci\u00f3n activa de la comunidad en la detecci\u00f3n temprana, atenci\u00f3n oportuna y acompa\u00f1amiento \u00e9tico en situaciones que vulneran la integridad de sus integrantes.<\/p>\n\n\n\n<div style=\"height:56px\" aria-hidden=\"true\" class=\"wp-block-spacer\"><\/div>\n\n\n\n<div class=\"wp-block-columns is-layout-flex wp-container-core-columns-is-layout-1 wp-block-columns-is-layout-flex\">\n<div class=\"wp-block-column is-layout-flow wp-block-column-is-layout-flow\" style=\"flex-basis:66.66%\">\n<div style=\"height:32px\" aria-hidden=\"true\" class=\"wp-block-spacer\"><\/div>\n\n\n\n<h2 class=\"wp-block-heading\"><strong>Oliva L\u00f3pez S\u00e1nchez<\/strong><\/h2>\n\n\n\n<p>Doctora en Antropolog\u00eda por el CIESAS, Maestra en Estudios de la Mujer (COLMEX) y en Psicoterapia Corporal (UIC). Profesora Titular \u201cC\u201d de Tiempo Completo en la FES Iztacala, coordinadora del LIICEG y miembro del SNI nivel 2. Sus l\u00edneas de investigaci\u00f3n incluyen salud mental interdisciplinaria, estudios de las emociones y cuerpo en clave de g\u00e9nero. Persona Orientadora Comunitaria.<\/p>\n<\/div>\n\n\n\n<div class=\"wp-block-column is-layout-flow wp-block-column-is-layout-flow\" style=\"flex-basis:33.33%\"><div class=\"wp-block-image\">\n<figure class=\"aligncenter size-medium\"><img loading=\"lazy\" decoding=\"async\" width=\"204\" height=\"300\" src=\"https:\/\/www.iztacala.unam.mx\/nuevo_ingreso\/wp-content\/uploads\/2025\/06\/OLIVA_1-204x300.webp\" alt=\"\" class=\"wp-image-3193\" srcset=\"https:\/\/www.iztacala.unam.mx\/nuevo_ingreso\/wp-content\/uploads\/2025\/06\/OLIVA_1-204x300.webp 204w, https:\/\/www.iztacala.unam.mx\/nuevo_ingreso\/wp-content\/uploads\/2025\/06\/OLIVA_1.webp 564w\" sizes=\"(max-width: 204px) 100vw, 204px\" \/><\/figure><\/div><\/div>\n<\/div>\n\n\n\n<div class=\"wp-block-columns is-layout-flex wp-container-core-columns-is-layout-2 wp-block-columns-is-layout-flex\">\n<div class=\"wp-block-column is-layout-flow wp-block-column-is-layout-flow\" style=\"flex-basis:33.33%\"><div class=\"wp-block-image\">\n<figure class=\"aligncenter size-medium\"><img loading=\"lazy\" decoding=\"async\" width=\"206\" height=\"300\" src=\"https:\/\/www.iztacala.unam.mx\/nuevo_ingreso\/wp-content\/uploads\/2025\/06\/ALBA_1-206x300.webp\" alt=\"\" class=\"wp-image-3195\" srcset=\"https:\/\/www.iztacala.unam.mx\/nuevo_ingreso\/wp-content\/uploads\/2025\/06\/ALBA_1-206x300.webp 206w, https:\/\/www.iztacala.unam.mx\/nuevo_ingreso\/wp-content\/uploads\/2025\/06\/ALBA_1.webp 564w\" sizes=\"(max-width: 206px) 100vw, 206px\" \/><\/figure><\/div><\/div>\n\n\n\n<div class=\"wp-block-column is-layout-flow wp-block-column-is-layout-flow\" style=\"flex-basis:66.66%\">\n<div style=\"height:63px\" aria-hidden=\"true\" class=\"wp-block-spacer\"><\/div>\n\n\n\n<h2 class=\"wp-block-heading\"><strong>Alba Luz Robles Mendoza<\/strong><\/h2>\n\n\n\n<p>Doctora en Ciencias Penales y Pol\u00edtica Criminal, Licenciada en Derecho y Psicolog\u00eda, y Maestra en Modificaci\u00f3n de Conducta por la FES Iztacala. Profesora Titular \u201cC\u201d de Tiempo Completo, integrante del SNII nivel 2. Investiga violencia escolar, violencia de g\u00e9nero y psicolog\u00eda forense. Acad\u00e9mica de la carrera de psicolog\u00eda en el \u00e1mbito social. Persona Orientadora Comunitaria.<\/p>\n<\/div>\n<\/div>\n","protected":false},"excerpt":{"rendered":"<p>Las Personas Orientadoras Comunitarias (POC) son integrantes de la comunidad universitaria que fungen como primeros puntos de contacto ante situaciones de violencia, discriminaci\u00f3n o afectaci\u00f3n al bienestar emocional dentro del<\/p>\n<p><a href=\"https:\/\/www.iztacala.unam.mx\/nuevo_ingreso\/?page_id=3153\" class=\"more-link\">Continue reading<span class=\"screen-reader-text\">Personas Orientadoras Comunitarias<\/span><\/a><\/p>\n","protected":false},"author":4,"featured_media":0,"parent":0,"menu_order":0,"comment_status":"closed","ping_status":"closed","template":"","meta":{"spay_email":"","footnotes":""},"_links":{"self":[{"href":"https:\/\/www.iztacala.unam.mx\/nuevo_ingreso\/index.php?rest_route=\/wp\/v2\/pages\/3153"}],"collection":[{"href":"https:\/\/www.iztacala.unam.mx\/nuevo_ingreso\/index.php?rest_route=\/wp\/v2\/pages"}],"about":[{"href":"https:\/\/www.iztacala.unam.mx\/nuevo_ingreso\/index.php?rest_route=\/wp\/v2\/types\/page"}],"author":[{"embeddable":true,"href":"https:\/\/www.iztacala.unam.mx\/nuevo_ingreso\/index.php?rest_route=\/wp\/v2\/users\/4"}],"replies":[{"embeddable":true,"href":"https:\/\/www.iztacala.unam.mx\/nuevo_ingreso\/index.php?rest_route=%2Fwp%2Fv2%2Fcomments&post=3153"}],"version-history":[{"count":14,"href":"https:\/\/www.iztacala.unam.mx\/nuevo_ingreso\/index.php?rest_route=\/wp\/v2\/pages\/3153\/revisions"}],"predecessor-version":[{"id":3790,"href":"https:\/\/www.iztacala.unam.mx\/nuevo_ingreso\/index.php?rest_route=\/wp\/v2\/pages\/3153\/revisions\/3790"}],"wp:attachment":[{"href":"https:\/\/www.iztacala.unam.mx\/nuevo_ingreso\/index.php?rest_route=%2Fwp%2Fv2%2Fmedia&parent=3153"}],"curies":[{"name":"wp","href":"https:\/\/api.w.org\/{rel}","templated":true}]}}

<p class="has-text-align-left">Las Personas Orientadoras Comunitarias (POC) son integrantes de la comunidad universitaria que fungen como primeros puntos de contacto ante situaciones de violencia, discriminación o afectación al bienestar emocional dentro del entorno académico. Su labor consiste en brindar orientación, acompañamiento inicial y canalización a las instancias correspondientes, respetando en todo momento la confidencialidad y autonomía de quienes solicitan su apoyo. </p>



<p>Actúan con base en principios de respeto, equidad y escucha activa, y están capacitadas para reconocer diversas formas de violencia, identificar contextos de riesgo y ofrecer información sobre rutas institucionales de atención. Además, su presencia en las facultades contribuye a fortalecer una cultura de prevención, sensibilización y convivencia libre de violencia.</p>



<p class="has-text-align-left">Este programa representa un esfuerzo por consolidar entornos seguros y solidarios dentro de la UNAM, mediante la participación activa de la comunidad en la detección temprana, atención oportuna y acompañamiento ético en situaciones que vulneran la integridad de sus integrantes.</p>



<div style="height:56px" aria-hidden="true" class="wp-block-spacer"></div>



<div class="wp-block-columns is-layout-flex wp-container-core-columns-is-layout-1 wp-block-columns-is-layout-flex">
<div class="wp-block-column is-layout-flow wp-block-column-is-layout-flow" style="flex-basis:66.66%">
<div style="height:32px" aria-hidden="true" class="wp-block-spacer"></div>



<h2 class="wp-block-heading"><strong>Oliva López Sánchez</strong></h2>



<p>Doctora en Antropología por el CIESAS, Maestra en Estudios de la Mujer (COLMEX) y en Psicoterapia Corporal (UIC). Profesora Titular “C” de Tiempo Completo en la FES Iztacala, coordinadora del LIICEG y miembro del SNI nivel 2. Sus líneas de investigación incluyen salud mental interdisciplinaria, estudios de las emociones y cuerpo en clave de género. Persona Orientadora Comunitaria.</p>
</div>



<div class="wp-block-column is-layout-flow wp-block-column-is-layout-flow" style="flex-basis:33.33%"><div class="wp-block-image">
<figure class="aligncenter size-medium"><img loading="lazy" decoding="async" width="204" height="300" src="https://www.iztacala.unam.mx/nuevo_ingreso/wp-content/uploads/2025/06/OLIVA_1-204x300.webp" alt="" class="wp-image-3193" srcset="https://www.iztacala.unam.mx/nuevo_ingreso/wp-content/uploads/2025/06/OLIVA_1-204x300.webp 204w, https://www.iztacala.unam.mx/nuevo_ingreso/wp-content/uploads/2025/06/OLIVA_1.webp 564w" sizes="(max-width: 204px) 100vw, 204px" /></figure></div></div>
</div>



<div class="wp-block-columns is-layout-flex wp-container-core-columns-is-layout-2 wp-block-columns-is-layout-flex">
<div class="wp-block-column is-layout-flow wp-block-column-is-layout-flow" style="flex-basis:33.33%"><div class="wp-block-image">
<figure class="aligncenter size-medium"><img loading="lazy" decoding="async" width="206" height="300" src="https://www.iztacala.unam.mx/nuevo_ingreso/wp-content/uploads/2025/06/ALBA_1-206x300.webp" alt="" class="wp-image-3195" srcset="https://www.iztacala.unam.mx/nuevo_ingreso/wp-content/uploads/2025/06/ALBA_1-206x300.webp 206w, https://www.iztacala.unam.mx/nuevo_ingreso/wp-content/uploads/2025/06/ALBA_1.webp 564w" sizes="(max-width: 206px) 100vw, 206px" /></figure></div></div>



<div class="wp-block-column is-layout-flow wp-block-column-is-layout-flow" style="flex-basis:66.66%">
<div style="height:63px" aria-hidden="true" class="wp-block-spacer"></div>



<h2 class="wp-block-heading"><strong>Alba Luz Robles Mendoza</strong></h2>



<p>Doctora en Ciencias Penales y Política Criminal, Licenciada en Derecho y Psicología, y Maestra en Modificación de Conducta por la FES Iztacala. Profesora Titular “C” de Tiempo Completo, integrante del SNII nivel 2. Investiga violencia escolar, violencia de género y psicología forense. Académica de la carrera de psicología en el ámbito social. Persona Orientadora Comunitaria.</p>
</div>
</div>

<p>Las Personas Orientadoras Comunitarias (POC) son integrantes de la comunidad universitaria que fungen como primeros puntos de contacto ante situaciones de violencia, discriminación o afectación al bienestar emocional dentro del</p>
<p><a href="https://www.iztacala.unam.mx/nuevo_ingreso/?page_id=3153" class="more-link">Continue reading<span class="screen-reader-text">Personas Orientadoras Comunitarias</span></a></p>
