{"id":67,"date":"2013-05-30T23:11:07","date_gmt":"2013-05-30T23:11:07","guid":{"rendered":"http:\/\/www.iztacala.unam.mx\/nuevo_ingreso\/?page_id=67"},"modified":"2025-07-04T00:02:26","modified_gmt":"2025-07-04T00:02:26","slug":"clinica-de-endoperiodontologia","status":"publish","type":"page","link":"https:\/\/www.iztacala.unam.mx\/nuevo_ingreso\/?page_id=67","title":{"rendered":"Cl\u00ednica de Endoperiodontolog\u00eda"},"content":{"rendered":"\n<p>La formaci\u00f3n de recursos humanos en el \u00e1rea de la salud bucal que satisfaga las demandas educativas que se le plantean a nivel medio superior y la atenci\u00f3n a la formaci\u00f3n de profesionistas especializados en la soluci\u00f3n de problemas de salud bucal relevantes es nuestra obligaci\u00f3n; la Cl\u00ednica especializada en Endoperiodontolog\u00eda conjuga dos \u00e1reas: la Endodoncia y la Periodoncia. Aqu\u00ed podr\u00e1s atenderte en caso de que lo necesites; realizar pr\u00e1cticas o incluso ir pensando en tu especializaci\u00f3n o posgrado.<\/p>\n\n\n\n<p><\/p>\n\n\n\n<div class=\"wp-block-columns is-layout-flex wp-container-core-columns-is-layout-1 wp-block-columns-is-layout-flex\">\n<div class=\"wp-block-column is-layout-flow wp-block-column-is-layout-flow\">\n<figure class=\"wp-block-image size-large is-resized\"><img loading=\"lazy\" decoding=\"async\" width=\"922\" height=\"1024\" src=\"https:\/\/www.iztacala.unam.mx\/nuevo_ingreso\/wp-content\/uploads\/2025\/06\/Captura-de-pantalla-2025-06-27-a-las-5.44.00-p.m-922x1024.png\" alt=\"\" class=\"wp-image-4420\" style=\"width:188px;height:auto\" srcset=\"https:\/\/www.iztacala.unam.mx\/nuevo_ingreso\/wp-content\/uploads\/2025\/06\/Captura-de-pantalla-2025-06-27-a-las-5.44.00-p.m-922x1024.png 922w, https:\/\/www.iztacala.unam.mx\/nuevo_ingreso\/wp-content\/uploads\/2025\/06\/Captura-de-pantalla-2025-06-27-a-las-5.44.00-p.m-270x300.png 270w, https:\/\/www.iztacala.unam.mx\/nuevo_ingreso\/wp-content\/uploads\/2025\/06\/Captura-de-pantalla-2025-06-27-a-las-5.44.00-p.m-768x853.png 768w, https:\/\/www.iztacala.unam.mx\/nuevo_ingreso\/wp-content\/uploads\/2025\/06\/Captura-de-pantalla-2025-06-27-a-las-5.44.00-p.m.png 1378w\" sizes=\"(max-width: 922px) 100vw, 922px\" \/><\/figure>\n<\/div>\n\n\n\n<div class=\"wp-block-column is-layout-flow wp-block-column-is-layout-flow\">\n<figure class=\"wp-block-image size-full is-resized\"><img loading=\"lazy\" decoding=\"async\" width=\"250\" height=\"250\" src=\"http:\/\/www.iztacala.unam.mx\/nuevo_ingreso\/wp-content\/uploads\/2013\/05\/Odos7.jpg\" alt=\"\" class=\"wp-image-470\" style=\"width:208px;height:auto\" srcset=\"https:\/\/www.iztacala.unam.mx\/nuevo_ingreso\/wp-content\/uploads\/2013\/05\/Odos7.jpg 250w, https:\/\/www.iztacala.unam.mx\/nuevo_ingreso\/wp-content\/uploads\/2013\/05\/Odos7-150x150.jpg 150w, https:\/\/www.iztacala.unam.mx\/nuevo_ingreso\/wp-content\/uploads\/2013\/05\/Odos7-230x230.jpg 230w, https:\/\/www.iztacala.unam.mx\/nuevo_ingreso\/wp-content\/uploads\/2013\/05\/Odos7-80x80.jpg 80w\" sizes=\"(max-width: 250px) 100vw, 250px\" \/><\/figure>\n<\/div>\n\n\n\n<div class=\"wp-block-column is-layout-flow wp-block-column-is-layout-flow\">\n<figure class=\"wp-block-image size-large is-resized\"><img loading=\"lazy\" decoding=\"async\" width=\"1024\" height=\"807\" src=\"http:\/\/www.iztacala.unam.mx\/nuevo_ingreso\/wp-content\/uploads\/2025\/06\/odos5-1024x807.png\" alt=\"\" class=\"wp-image-4421\" style=\"width:311px;height:auto\" srcset=\"https:\/\/www.iztacala.unam.mx\/nuevo_ingreso\/wp-content\/uploads\/2025\/06\/odos5-1024x807.png 1024w, https:\/\/www.iztacala.unam.mx\/nuevo_ingreso\/wp-content\/uploads\/2025\/06\/odos5-300x236.png 300w, https:\/\/www.iztacala.unam.mx\/nuevo_ingreso\/wp-content\/uploads\/2025\/06\/odos5-768x605.png 768w, https:\/\/www.iztacala.unam.mx\/nuevo_ingreso\/wp-content\/uploads\/2025\/06\/odos5-1536x1210.png 1536w, https:\/\/www.iztacala.unam.mx\/nuevo_ingreso\/wp-content\/uploads\/2025\/06\/odos5-2048x1613.png 2048w\" sizes=\"(max-width: 1024px) 100vw, 1024px\" \/><\/figure>\n<\/div>\n<\/div>\n\n\n\n<div class=\"wp-block-buttons is-content-justification-center is-layout-flex wp-container-core-buttons-is-layout-1 wp-block-buttons-is-layout-flex\">\n<div class=\"wp-block-button has-custom-width wp-block-button__width-100 has-custom-font-size has-medium-font-size\"><a class=\"wp-block-button__link has-white-color has-text-color has-background has-link-color wp-element-button\" href=\"http:\/\/posgrado.iztacala.unam.mx\/\" style=\"background:linear-gradient(135deg,rgb(2,3,129) 78%,rgb(40,116,252) 100%)\" target=\"_blank\" rel=\"noreferrer noopener\"><strong>Sitio de Investigaci\u00f3n y Posgrado FESI UNAM <\/strong><\/a><\/div>\n<\/div>\n","protected":false},"excerpt":{"rendered":"<p>La formaci\u00f3n de recursos humanos en el \u00e1rea de la salud bucal que satisfaga las demandas educativas que se le plantean a nivel medio superior y la atenci\u00f3n a la<\/p>\n<p><a href=\"https:\/\/www.iztacala.unam.mx\/nuevo_ingreso\/?page_id=67\" class=\"more-link\">Continue reading<span class=\"screen-reader-text\">Cl\u00ednica de Endoperiodontolog\u00eda<\/span><\/a><\/p>\n","protected":false},"author":1,"featured_media":0,"parent":0,"menu_order":0,"comment_status":"closed","ping_status":"closed","template":"","meta":{"spay_email":"","footnotes":""},"_links":{"self":[{"href":"https:\/\/www.iztacala.unam.mx\/nuevo_ingreso\/index.php?rest_route=\/wp\/v2\/pages\/67"}],"collection":[{"href":"https:\/\/www.iztacala.unam.mx\/nuevo_ingreso\/index.php?rest_route=\/wp\/v2\/pages"}],"about":[{"href":"https:\/\/www.iztacala.unam.mx\/nuevo_ingreso\/index.php?rest_route=\/wp\/v2\/types\/page"}],"author":[{"embeddable":true,"href":"https:\/\/www.iztacala.unam.mx\/nuevo_ingreso\/index.php?rest_route=\/wp\/v2\/users\/1"}],"replies":[{"embeddable":true,"href":"https:\/\/www.iztacala.unam.mx\/nuevo_ingreso\/index.php?rest_route=%2Fwp%2Fv2%2Fcomments&post=67"}],"version-history":[{"count":14,"href":"https:\/\/www.iztacala.unam.mx\/nuevo_ingreso\/index.php?rest_route=\/wp\/v2\/pages\/67\/revisions"}],"predecessor-version":[{"id":4516,"href":"https:\/\/www.iztacala.unam.mx\/nuevo_ingreso\/index.php?rest_route=\/wp\/v2\/pages\/67\/revisions\/4516"}],"wp:attachment":[{"href":"https:\/\/www.iztacala.unam.mx\/nuevo_ingreso\/index.php?rest_route=%2Fwp%2Fv2%2Fmedia&parent=67"}],"curies":[{"name":"wp","href":"https:\/\/api.w.org\/{rel}","templated":true}]}}

Clínica de Endoperiodontología

<p>La formación de recursos humanos en el área de la salud bucal que satisfaga las demandas educativas que se le plantean a nivel medio superior y la atención a la formación de profesionistas especializados en la solución de problemas de salud bucal relevantes es nuestra obligación; la Clínica especializada en Endoperiodontología conjuga dos áreas: la Endodoncia y la Periodoncia. Aquí podrás atenderte en caso de que lo necesites; realizar prácticas o incluso ir pensando en tu especialización o posgrado.</p>



<p></p>



<div class="wp-block-columns is-layout-flex wp-container-core-columns-is-layout-1 wp-block-columns-is-layout-flex">
<div class="wp-block-column is-layout-flow wp-block-column-is-layout-flow">
<figure class="wp-block-image size-large is-resized"><img loading="lazy" decoding="async" width="922" height="1024" src="https://www.iztacala.unam.mx/nuevo_ingreso/wp-content/uploads/2025/06/Captura-de-pantalla-2025-06-27-a-las-5.44.00-p.m-922x1024.png" alt="" class="wp-image-4420" style="width:188px;height:auto" srcset="https://www.iztacala.unam.mx/nuevo_ingreso/wp-content/uploads/2025/06/Captura-de-pantalla-2025-06-27-a-las-5.44.00-p.m-922x1024.png 922w, https://www.iztacala.unam.mx/nuevo_ingreso/wp-content/uploads/2025/06/Captura-de-pantalla-2025-06-27-a-las-5.44.00-p.m-270x300.png 270w, https://www.iztacala.unam.mx/nuevo_ingreso/wp-content/uploads/2025/06/Captura-de-pantalla-2025-06-27-a-las-5.44.00-p.m-768x853.png 768w, https://www.iztacala.unam.mx/nuevo_ingreso/wp-content/uploads/2025/06/Captura-de-pantalla-2025-06-27-a-las-5.44.00-p.m.png 1378w" sizes="(max-width: 922px) 100vw, 922px" /></figure>
</div>



<div class="wp-block-column is-layout-flow wp-block-column-is-layout-flow">
<figure class="wp-block-image size-full is-resized"><img loading="lazy" decoding="async" width="250" height="250" src="http://www.iztacala.unam.mx/nuevo_ingreso/wp-content/uploads/2013/05/Odos7.jpg" alt="" class="wp-image-470" style="width:208px;height:auto" srcset="https://www.iztacala.unam.mx/nuevo_ingreso/wp-content/uploads/2013/05/Odos7.jpg 250w, https://www.iztacala.unam.mx/nuevo_ingreso/wp-content/uploads/2013/05/Odos7-150x150.jpg 150w, https://www.iztacala.unam.mx/nuevo_ingreso/wp-content/uploads/2013/05/Odos7-230x230.jpg 230w, https://www.iztacala.unam.mx/nuevo_ingreso/wp-content/uploads/2013/05/Odos7-80x80.jpg 80w" sizes="(max-width: 250px) 100vw, 250px" /></figure>
</div>



<div class="wp-block-column is-layout-flow wp-block-column-is-layout-flow">
<figure class="wp-block-image size-large is-resized"><img loading="lazy" decoding="async" width="1024" height="807" src="http://www.iztacala.unam.mx/nuevo_ingreso/wp-content/uploads/2025/06/odos5-1024x807.png" alt="" class="wp-image-4421" style="width:311px;height:auto" srcset="https://www.iztacala.unam.mx/nuevo_ingreso/wp-content/uploads/2025/06/odos5-1024x807.png 1024w, https://www.iztacala.unam.mx/nuevo_ingreso/wp-content/uploads/2025/06/odos5-300x236.png 300w, https://www.iztacala.unam.mx/nuevo_ingreso/wp-content/uploads/2025/06/odos5-768x605.png 768w, https://www.iztacala.unam.mx/nuevo_ingreso/wp-content/uploads/2025/06/odos5-1536x1210.png 1536w, https://www.iztacala.unam.mx/nuevo_ingreso/wp-content/uploads/2025/06/odos5-2048x1613.png 2048w" sizes="(max-width: 1024px) 100vw, 1024px" /></figure>
</div>
</div>



<div class="wp-block-buttons is-content-justification-center is-layout-flex wp-container-core-buttons-is-layout-1 wp-block-buttons-is-layout-flex">
<div class="wp-block-button has-custom-width wp-block-button__width-100 has-custom-font-size has-medium-font-size"><a class="wp-block-button__link has-white-color has-text-color has-background has-link-color wp-element-button" href="http://posgrado.iztacala.unam.mx/" style="background:linear-gradient(135deg,rgb(2,3,129) 78%,rgb(40,116,252) 100%)" target="_blank" rel="noreferrer noopener"><strong>Sitio de Investigación y Posgrado FESI UNAM </strong></a></div>
</div>

<p>La formación de recursos humanos en el área de la salud bucal que satisfaga las demandas educativas que se le plantean a nivel medio superior y la atención a la</p>
<p><a href="https://www.iztacala.unam.mx/nuevo_ingreso/?page_id=67" class="more-link">Continue reading<span class="screen-reader-text">Clínica de Endoperiodontología</span></a></p>
